= 5*d. Suppose l*x = 2 - 2. Suppose 2*y = -0*y - 2*q + 6, -5*y - q + 27 = x. Calculate the highest common factor of y and 42.
6
Suppose 0*p - 3*p + 708 = k, 0 = -2*k - 6. Let n = 259 - p. What is the greatest common divisor of 374 and n?
22
Suppose 81*l - 45*l - 44*l = -10824. Calculate the highest common divisor of 66 and l.
33
Suppose 0 = -22*k - 1383 + 19. Let q be (-9129)/(-45) - k/465. What is the greatest common factor of 7 and q?
7
Let l(i) = -i**2 + 15*i - 4. Let z be l(13). Let k be (14 + 0)/((-16)/(-24)). Let c be 3/k + 13/7. Calculate the highest common factor of z and c.
2
Let t(u) = 2*u - 18. Let w be t(11). Let c be (-6)/w + 1205/10. Suppose 6*g = -c + 497. Calculate the highest common divisor of g and 9.
9
Suppose 15*u - 213 - 528 = -4*u. Calculate the greatest common factor of 312 and u.
39
Suppose -c + 3 = 3*q, 3*q = -3*c + 30 - 15. Let a = 25 - 16. Let o be 429/a - (-2)/6. What is the highest common divisor of o and c?
6
Suppose 25*b + 4*x - 636 = 19*b, -b = 2*x - 102. What is the highest common divisor of 126 and b?
18
Suppose 0 = -10*x + 29 + 11. Suppose -b + 2*k + 10 = 0, 6*k - 49 = -x*b + 5*k. Let v(h) = 2*h + 2. Let j be v(5). What is the highest common factor of j and b?
12
Let f be (-10)/(-4)*(-222)/(-15). Suppose -2*j = -20*y + 730, -133 = -4*y - 0*y + 3*j. What is the highest common factor of y and f?
37
Suppose 22 = 2*f - 2*j - 3*j, 3*f - j = 33. Let p(x) = -8*x**2 + 2*x - 5 + f*x**2 + 2 + 2*x. Let a be p(-3). What is the highest common divisor of a and 60?
12
Suppose 0 = 5*y - v - 254, 4*v + 5 = 9*v. Suppose -6*g - 5 + 515 = 0. Calculate the highest common divisor of g and y.
17
Suppose -39 = -6*y - 15. Suppose 7*n + 9 = y*n - 4*v, 9 = -3*n + v. Let x be 62 + -2 + n/1. Calculate the greatest common divisor of x and 19.
19
Let j be 2*(9 + 5/(-5)). Let w = 303 + -193. Let r = w + -30. Calculate the greatest common divisor of r and j.
16
Suppose -17*y + 202 + 172 = 0. Let u(x) = -x**3 + 21*x**2 + 27*x - 32. Let r be u(y). Calculate the greatest common divisor of r and 1014.
78
Let w(a) = 2*a**3 + 2*a**2 - 24*a - 12. Suppose 62 = 12*f + 2. Let z be w(f). What is the highest common factor of z and 72?
24
Let r = 14349 - 14184. What is the highest common divisor of r and 2343?
33
Let y(l) = l - 2. Let u be y(2). Suppose 2*k - 151 + 25 = u. Let q be ((-63)/(-4))/(-1 + (-84)/(-48)). Calculate the highest common divisor of q and k.
21
Suppose -9*z + 20*z - 1144 = 0. Suppose -88 = -2*p + z. What is the highest common divisor of 3 and p?
3
Suppose 5*h - 3*c - 42 = 0, -4*h + 29 = -3*c - 7. Let w(l) = 5*l + 57. Let k be w(0). Calculate the highest common divisor of k and h.
3
Suppose -19*q - 10*q - 5336 = 0. Let j = 920 + q. Calculate the highest common factor of j and 46.
46
Let p(q) = 55*q + 1791. Let z be p(-10). Calculate the highest common factor of 292 and z.
73
Let a(t) = -t**2 + t + 73. Let l be a(0). Let q = l + -68. Suppose -q*s + 119 = 44. What is the highest common divisor of s and 30?
15
Let w be 8270/47 - 40/(-940). Calculate the greatest common factor of 440 and w.
88
Let p be -101 + (-14)/7*1. Let s = -37 - p. Let k be 4/((-48)/(-22) + -2). Calculate the greatest common factor of s and k.
22
Suppose d + g + 2 = 0, 4*d - 8 = -d + g. Let b(k) = 3 - 3 - 12*k - d + 2*k. Let o be b(-5). Calculate the greatest common factor of o and 7.
7
Suppose -74*v + 71*v = -34*v + 27528. Calculate the highest common factor of 20 and v.
4
Suppose -1588*f + 1580*f = -952. Calculate the greatest common factor of f and 35.
7
Suppose 3*f = 16*f - 1443. Suppose -3*k + 4*d + 67 = 0, -4*k = 25*d - 26*d - f. What is the highest common divisor of 203 and k?
29
Let p(a) = 180*a + 4. Let d be p(14). Calculate the greatest common factor of d and 4.
4
Suppose -83*n = -80*n + 3*p - 87, 0 = 4*p - 20. Calculate the highest common factor of n and 2248.
8
Suppose 3*h - 240 - 93 = 2*d, -131 = -h + 4*d. What is the greatest common factor of 13375 and h?
107
Let n be (-1 + 2)/((-310)/(-990) + (-12)/54). What is the highest common divisor of 2651 and n?
11
Let p be (-45)/(-2)*(5 + (-174)/30). Let h = p - -88. Calculate the highest common factor of 28 and h.
14
Suppose 4*n + 0*n = -1472. Let a = -347 - n. Calculate the highest common divisor of 112 and a.
7
Let d = -1373 + 1513. What is the highest common divisor of d and 430?
10
Suppose u = -3*g + 7, -22*g + 11 = 3*u - 18*g. Let s be u/((-1)/(-889)) - (0 - -5). What is the greatest common divisor of s and 52?
52
Let i be (-200)/(-6)*(-216)/(-10). Let s be (i/(-100))/(6/(-20)). Let h = -490 - -502. What is the greatest common divisor of s and h?
12
Let k be 0/(-141) - (-80 + 0). Calculate the highest common divisor of 104 and k.
8
Let z = 1015 - 671. Let p = z - 335. Suppose -a - 6 = -3*a. What is the highest common divisor of p and a?
3
Suppose -5*u = -2*z - 1278, 0 = -2*u + u + 5*z + 251. Suppose -928 = -7*m - u. Suppose -3*c + m = -132. What is the highest common factor of 19 and c?
19
Let a = 28 + 60. Suppose 5*j - 5*t - 20 = 0, 5*t - 2 = 4*j - 17. Suppose d - 34 = -j*f + 10, -4 = 2*f - 5*d. Calculate the highest common factor of a and f.
8
Let p(y) be the second derivative of -3*y**3/2 - 43*y**2/2 - 106*y. Let o be p(-6). Calculate the highest common divisor of 418 and o.
11
Suppose 0 = 131*k - 143*k + 1176. Suppose -m + 138 + 58 = 0. Calculate the highest common factor of k and m.
98
Let x be (2/25)/((-204)/(-3060))*10/1. Let o(k) = 41*k**2 + k. Let s be o(1). What is the highest common divisor of s and x?
6
Let u(l) = 7*l**3 - 3*l**2 + l + 2. Let k be u(2). Let v be -2 + (-1062)/(-33) - (-596)/(-3278). Calculate the greatest common divisor of k and v.
6
Suppose -62*h + 130 = -49*h. Let i(w) = 2*w**2 + 0*w**2 - 2*w - 9*w. Let b be i(h). Calculate the highest common divisor of b and 18.
18
Suppose 5*g + 4*o = -578, 2*g + 3*o = 4*o - 226. Let r = g + 132. Calculate the highest common factor of 66 and r.
6
Suppose 4*k + 4*k = 304. Let t = -35 + k. Suppose t*j - 6*j = -114. What is the greatest common factor of j and 19?
19
Let l(y) = -y + 25. Let o be l(21). Suppose -u + 4*h + 340 = 5*h, -u - o*h = -352. What is the greatest common divisor of 21 and u?
21
Let m(i) = 36*i + 58. Let r be m(-7). Let y = 534 + r. Calculate the greatest common factor of y and 68.
68
Let t(y) = -y**3 - y**2 + 4*y. Let g be t(-3). Let r = -253 - -174. Let d = 121 + r. Calculate the greatest common factor of g and d.
6
Let o be 0 - (0 - (-2 + 6 - 2)). Suppose 3*r = o*r + 138. Suppose -x + 4*q + 131 - 11 = 0, 5*q = -x + r. What is the highest common divisor of 16 and x?
16
Let j = -411 + 600. Suppose 13*d - 16*d + j = 0. Calculate the highest common divisor of d and 18.
9
Suppose -4*j = -4*g + 3*g + 364, 3*g - j - 1037 = 0. Suppose 3*w = -2*m + 508, -4*m = w + w - g. Calculate the greatest common factor of w and 21.
21
Let s(d) = -d**3 - 15*d**2 - d - 27. Let i be s(-15). Let l = 4 + i. Let f be (-66)/l*-1*(1 + -5). What is the greatest common factor of f and 11?
11
Let g = -215 + -112. Let a = 345 + g. What is the highest common factor of a and 18?
18
Let a = 5901 + -5637. What is the highest common factor of 5588 and a?
44
Let q be ((-108)/(-24))/(2/36). What is the greatest common divisor of 1404 and q?
27
Let v = -2897 + 2899. What is the highest common divisor of 47 and v?
1
Let j = 4955 + -4860. What is the greatest common factor of 2489 and j?
19
Suppose -372 = -3*c - 3*c. Suppose -5*n = 4*o - 155, 5*o + 9 = 2*n - 53. What is the greatest common divisor of n and c?
31
Let f be (-2)/6*(-75 - -42). Let s(v) = 29*v - 233. Let l be s(f). Calculate the highest common divisor of l and 258.
86
Let j(s) = -s**3 - 9*s**2 - 8*s - 7. Let x be j(-8). Let c be 2/(3/(-24)*x - 1). Let v be 34/51 + (c/(-3) - 1). What is the greatest common factor of 65 and v?
5
Let t = 261 + -253. Suppose -9*f = -13*f - t, -5*x + 6*f = -2322. Calculate the greatest common divisor of 84 and x.
42
Let q(m) = 37*m - 281. Let f be q(29). What is the greatest common divisor of 360 and f?
72
Let b = 155 + -138. Suppose 24*i - b*i = 112. Calculate the highest common factor of 256 and i.
16
Let r = -125 - -57. Let b = r - -104. Suppose 3*s + 3*f - 540 = 0, 3*s - 728 = -5*f - 188. What is the greatest common divisor of b and s?
36
Let l be (-6)/75 + 21/150